
{"id":1946,"date":"2024-01-09T16:27:08","date_gmt":"2024-01-09T21:27:08","guid":{"rendered":"https:\/\/pages.charlotte.edu\/john-reeves\/?page_id=1946"},"modified":"2024-01-10T10:27:10","modified_gmt":"2024-01-10T15:27:10","slug":"rewriting-the-book-of-genesis","status":"publish","type":"page","link":"http:\/\/pages.charlotte.edu\/john-reeves\/course-materials\/rels-2000-topics-courses-in-religious-studies\/rewriting-the-book-of-genesis\/","title":{"rendered":"Rewriting the Book of Genesis"},"content":{"rendered":"<p><a href=\"https:\/\/pages.charlotte.edu\/john-reeves\/course-materials\/rels-3000\/rewriting-the-book-of-genesis\/2000-syllabus\/\">Course syllabus<\/a> (spring 2024)<\/p>\n<p><a href=\"https:\/\/quod.lib.umich.edu\/k\/kjv\/\">Searchable KJV Bible<\/a><\/p>\n<p><a href=\"https:\/\/quod.lib.umich.edu\/r\/rsv\/\">Searchable RSV Bible<\/a><\/p>\n<p><a href=\"https:\/\/ebible.org\/eng-Brenton\/\">Septuagint in English<\/a><\/p>\n<p><a href=\"http:\/\/www.pseudepigrapha.com\/\">Apocrypha &amp; Pseudepigrapha in English<\/a><\/p>\n<p><a href=\"https:\/\/pages.charlotte.edu\/john-reeves\/course-materials\/rels-2104-hebrew-scripturesold-testament\/translation-of-1q-genesis-apocryphon\/\">Genesis Apocryphon<\/a> (1QapGen)<\/p>\n<p><a href=\"http:\/\/quran.al-islam.org\/\">Qur\u2019\u0101n in Arabic &amp; English<\/a><\/p>\n<p><a href=\"http:\/\/gnosis.org\/library.html\">The Gnostic Society Library<\/a><\/p>\n<p><a title=\"Ya&#096;q\u016bb\u012b,\u00a0Ta\u2019r\u012bkh\" href=\"https:\/\/pages.charlotte.edu\/john-reeves\/publications\/unpublished-lectures-and-fragmenta\/yaqubi-tarikh\/\">Ya`q\u00fbb\u00ee,\u00a0<\/a><em><a title=\"Ya&#096;q\u016bb\u012b,\u00a0Ta\u2019r\u012bkh\" href=\"https:\/\/pages.charlotte.edu\/john-reeves\/publications\/unpublished-lectures-and-fragmenta\/yaqubi-tarikh\/\">Ta\u00b4r\u00eekh<\/a>\u00a0<\/em>(from Adam through Noah)<\/p>\n","protected":false},"excerpt":{"rendered":"<p>Course syllabus (spring 2024) Searchable KJV Bible Searchable RSV Bible Septuagint in English Apocrypha &amp; Pseudepigrapha in English Genesis Apocryphon (1QapGen) Qur\u2019\u0101n in Arabic &amp; English The Gnostic Society Library Ya`q\u00fbb\u00ee,\u00a0Ta\u00b4r\u00eekh\u00a0(from Adam through Noah)<\/p>\n","protected":false},"author":454,"featured_media":1438,"parent":1516,"menu_order":0,"comment_status":"closed","ping_status":"closed","template":"","meta":{"jetpack_post_was_ever_published":false,"footnotes":""},"class_list":["post-1946","page","type-page","status-publish","has-post-thumbnail","hentry"],"jetpack_shortlink":"https:\/\/wp.me\/P3kl1F-vo","jetpack_sharing_enabled":true,"_links":{"self":[{"href":"http:\/\/pages.charlotte.edu\/john-reeves\/wp-json\/wp\/v2\/pages\/1946","targetHints":{"allow":["GET"]}}],"collection":[{"href":"http:\/\/pages.charlotte.edu\/john-reeves\/wp-json\/wp\/v2\/pages"}],"about":[{"href":"http:\/\/pages.charlotte.edu\/john-reeves\/wp-json\/wp\/v2\/types\/page"}],"author":[{"embeddable":true,"href":"http:\/\/pages.charlotte.edu\/john-reeves\/wp-json\/wp\/v2\/users\/454"}],"replies":[{"embeddable":true,"href":"http:\/\/pages.charlotte.edu\/john-reeves\/wp-json\/wp\/v2\/comments?post=1946"}],"version-history":[{"count":3,"href":"http:\/\/pages.charlotte.edu\/john-reeves\/wp-json\/wp\/v2\/pages\/1946\/revisions"}],"predecessor-version":[{"id":1960,"href":"http:\/\/pages.charlotte.edu\/john-reeves\/wp-json\/wp\/v2\/pages\/1946\/revisions\/1960"}],"up":[{"embeddable":true,"href":"http:\/\/pages.charlotte.edu\/john-reeves\/wp-json\/wp\/v2\/pages\/1516"}],"wp:featuredmedia":[{"embeddable":true,"href":"http:\/\/pages.charlotte.edu\/john-reeves\/wp-json\/wp\/v2\/media\/1438"}],"wp:attachment":[{"href":"http:\/\/pages.charlotte.edu\/john-reeves\/wp-json\/wp\/v2\/media?parent=1946"}],"curies":[{"name":"wp","href":"https:\/\/api.w.org\/{rel}","templated":true}]}}