
{"id":45,"date":"2023-01-24T21:21:37","date_gmt":"2023-01-24T21:21:37","guid":{"rendered":"https:\/\/pages.charlotte.edu\/blast2023\/?page_id=45"},"modified":"2023-05-13T16:19:26","modified_gmt":"2023-05-13T16:19:26","slug":"speakers","status":"publish","type":"page","link":"https:\/\/pages.charlotte.edu\/blast2023\/speakers\/","title":{"rendered":"Speakers"},"content":{"rendered":"\n<div class=\"wp-block-columns is-layout-flex wp-container-core-columns-is-layout-9d6595d7 wp-block-columns-is-layout-flex\">\n<div class=\"wp-block-column is-layout-flow wp-block-column-is-layout-flow\">\n<p><strong>Invited Speakers:<\/strong><\/p>\n\n\n\n<ul class=\"wp-block-list\">\n<li>Marco Abbadini, University of Salerno<\/li>\n\n\n\n<li>Dana Barto\u0161ov\u00e1, University of Florida<\/li>\n\n\n\n<li>William Chan, University of North Texas<\/li>\n\n\n\n<li>Daniel Herden, Baylor University<\/li>\n\n\n\n<li>Andre Kornell, Dalhousie University<\/li>\n\n\n\n<li>David Stanovsk\u00fd, Charles University<\/li>\n\n\n\n<li>Andy Zucker, University of Waterloo<\/li>\n<\/ul>\n\n\n\n<p><strong>Tutorials:<\/strong><\/p>\n\n\n\n<ul class=\"wp-block-list\">\n<li>Keith Kearnes, University of Colorado Boulder<\/li>\n<\/ul>\n<\/div>\n\n\n\n<div class=\"wp-block-column is-layout-flow wp-block-column-is-layout-flow\">\n<p><strong>Contributing Speakers<\/strong>:<\/p>\n\n\n\n<ul class=\"wp-block-list\">\n<li>Richard Ball, University of Denver<\/li>\n\n\n\n<li>Hector Barriga, UNC Charlotte<\/li>\n\n\n\n<li>Will Brian, UNC Charlotte<\/li>\n\n\n\n<li>Emily Carlson<\/li>\n\n\n\n<li>Fred Dashiell, Chapman University<\/li>\n\n\n\n<li>Alan Dow, UNC Charlotte<\/li>\n\n\n\n<li>Jos\u00e9 Gil-F\u00e9rez, Chapman University<\/li>\n\n\n\n<li>Rodrigo Hern\u00e1ndez-Guti\u00e9rrez, Universidad Aut\u00f3noma Metropolitana<\/li>\n\n\n\n<li>Trevor Jack, Illinois Wesleyan University<\/li>\n\n\n\n<li>Peter Jipsen, Chapman University<\/li>\n\n\n\n<li>Albert Madinya, Florida Atlantic University<\/li>\n\n\n\n<li>Peter Mayr, University of Colorado Boulder<\/li>\n\n\n\n<li>Joseph McDonald, University of Alberta<\/li>\n\n\n\n<li>Sebastian Melzer, New Mexico State University<\/li>\n\n\n\n<li>Connor Meredith, University of Colorado Boulder<\/li>\n\n\n\n<li>Ranjitha Raviprakash, New Mexico State University<\/li>\n\n\n\n<li>Ja\u0161 \u0160emrl, University College London<\/li>\n\n\n\n<li>Salma Shaheen, University of Waterloo<\/li>\n\n\n\n<li>M. Hossein Shahzamanian, CMUP Universidade do Porto<\/li>\n\n\n\n<li>Amanda Tran, University of Massachusetts Boston<\/li>\n\n\n\n<li>Edith Vargas-Garc\u00eda, ITAM<\/li>\n\n\n\n<li>Patrick Wynne, University of Colorado Boulder<\/li>\n\n\n\n<li>Xiao Zhuang, University of Denver<\/li>\n<\/ul>\n<\/div>\n<\/div>\n\n\n\n<p><\/p>\n","protected":false},"excerpt":{"rendered":"<p>Invited Speakers: Tutorials: Contributing Speakers:<\/p>\n","protected":false},"author":2990,"featured_media":0,"parent":0,"menu_order":0,"comment_status":"closed","ping_status":"closed","template":"","meta":{"footnotes":""},"coauthors":[5],"class_list":["post-45","page","type-page","status-publish","hentry"],"_links":{"self":[{"href":"https:\/\/pages.charlotte.edu\/blast2023\/wp-json\/wp\/v2\/pages\/45","targetHints":{"allow":["GET"]}}],"collection":[{"href":"https:\/\/pages.charlotte.edu\/blast2023\/wp-json\/wp\/v2\/pages"}],"about":[{"href":"https:\/\/pages.charlotte.edu\/blast2023\/wp-json\/wp\/v2\/types\/page"}],"author":[{"embeddable":true,"href":"https:\/\/pages.charlotte.edu\/blast2023\/wp-json\/wp\/v2\/users\/2990"}],"replies":[{"embeddable":true,"href":"https:\/\/pages.charlotte.edu\/blast2023\/wp-json\/wp\/v2\/comments?post=45"}],"version-history":[{"count":6,"href":"https:\/\/pages.charlotte.edu\/blast2023\/wp-json\/wp\/v2\/pages\/45\/revisions"}],"predecessor-version":[{"id":329,"href":"https:\/\/pages.charlotte.edu\/blast2023\/wp-json\/wp\/v2\/pages\/45\/revisions\/329"}],"wp:attachment":[{"href":"https:\/\/pages.charlotte.edu\/blast2023\/wp-json\/wp\/v2\/media?parent=45"}],"wp:term":[{"taxonomy":"author","embeddable":true,"href":"https:\/\/pages.charlotte.edu\/blast2023\/wp-json\/wp\/v2\/coauthors?post=45"}],"curies":[{"name":"wp","href":"https:\/\/api.w.org\/{rel}","templated":true}]}}