
{"id":5,"date":"2012-10-25T22:04:15","date_gmt":"2012-10-25T22:04:15","guid":{"rendered":"http:\/\/pages.charlotte.edu\/template-faculty01\/?page_id=5"},"modified":"2022-02-18T13:49:35","modified_gmt":"2022-02-18T13:49:35","slug":"home","status":"publish","type":"page","link":"https:\/\/pages.charlotte.edu\/jill-massino\/","title":{"rendered":"Home"},"content":{"rendered":"<h3>Select Publications<\/h3>\n<p>\u201cEastern Promises: Romanian Responses to the War in Vietnam,\u201d <em>The\u00a0World Beyond the West: Perspectives from Eastern <\/em><em>Europe, <\/em>ed., Magdalena Koz\u0142owska and Mariusz Kalczewiak (Berghahn Books, 2022): 221-242.<\/p>\n<p><strong>\u00a0<\/strong>&#8220;Gender and the ambiguities of economic transition in Romania,&#8221; <em>Routledge International Handbook to Gender in Central-Eastern Europe and Eurasia,\u00a0<\/em>ed. Janet Johnson, Katalin Fabian, and Mara Lazda (Routledge, 2021): 357-365.<\/p>\n<p>&#8220;But this is the world we live in&#8217;: Corruption, everyday managing, and civic mobilization in post-socialist Romania,&#8221;\u00a0in\u00a0<em>The Legacy of Division: East and West after 1989, <\/em>ed. Ferenc Lacz\u00f3 and Luka Lisjak Gabrijel\u010di\u010d (Central European University Press, 2020): 84-95.<\/p>\n<p><em>Ambiguous Transitions: Gender, the State, and Everyday Life in Socialist and Postsocialist Romania <\/em>(Berghahn Books, 2019).<\/p>\n<p>&#8220;&#8216;How Many Days Have the Comrades&#8217; Wives Spent in a Queue?&#8221; Appealing to the\u00a0Ceau\u015fescus in Late-Socialist Romania,&#8221; in\u00a0<em>Perceptions of Society in Communist Europe: Regime Archives and Popular Opinion,\u00a0<\/em>ed. Muriel Blaive (Bloomsbury, 2018): 189-206.<\/p>\n<p>\u201cThe Good, the Bad, and the Ambiguous: Gender (In)equality from Socialism to Pluralism in Romania\u201d (with Raluca Maria Popa) in\u00a0<em>Gender (in)<\/em><em>Equality and Gender Politics in Southeastern Europe: A Question of Justice,<\/em> ed. Sabrina Ramet and Christina Hassenstab (Palgrave Macmillan, 2015): 171-191.<\/p>\n<p>&#8220;From Black Caviar to Blackouts: Gender, Consumption, and Lifestyle in Ceau\u015fescu&#8217;s Romania,&#8221; in\u00a0<em>Communism Unwrapped: Consumption in Cold War Eastern<\/em>\u00a0<em>Europe<\/em>, ed. Paulina Bren and Mary Neuburger (Oxford University Press, 2012): 226-249.<\/p>\n<p>&#8220;Something Old, Something New: Marital Roles and Relations in State Socialist Romania,&#8221;\u00a0<em>Journal of Women&#8217;s History<\/em><strong>\u00a0<\/strong>22, no. 1 (2010): 34-60.<\/p>\n<p><em>Gender Politics and Everyday Life in State Socialist Eastern and Central Europe<\/em>, co-edited with Shana Penn (Palgrave, 2009).<\/p>\n<p>&#8220;Constructing the Socialist Worker: Gender, Identity, and Work under State Socialism in Bra\u015fov, Romania,&#8221;\u00a0<em>Aspasia: The International Yearbook of Central, Eastern, and Southeastern European Women&#8217;s and Gender History <\/em>3<em>\u00a0<\/em>(2009): 131-160.<\/p>\n<h3>Research Interests<\/h3>\n<p>Romania; Eastern Europe; Modern Europe; the Cold War; Gender; the Global South; Cultural History; Memory; Socialism and Postsocialism<\/p>\n<h3>Courses Taught<\/h3>\n<p>LBST 2101: Gender and War in the Twentieth Century (first-year Prospect course)<\/p>\n<p>LBST 2102: Modern Revolutions (first-year Prospect course)<\/p>\n<p>History 1121: The History of Europe, 1660-present<\/p>\n<p>History 2001: From the Iron Curtain to the Velvet Revolution: Eastern Europe, 1939-present<\/p>\n<p>History 3001: How Societies Remember: History and Memory in Twentieth Century Europe<\/p>\n<p>History 3001: From Marx to McDonald&#8217;s: The Changing Face of Eastern Europe and Russia (Dowd program)<\/p>\n<p>History 4001: Historiographical Topics in European History: Modern Dictatorships<\/p>\n<p>History 4600: Capstone Seminar: Totalitarianism and Everyday Life<\/p>\n<p>History 4600: Capstone Seminar: Fascism and Populism<\/p>\n<p>History 4600: Capstone Seminar: The Global Cold War<\/p>\n<p>History 6102: Colloquium in Twentieth Century Europe<\/p>\n<h3>Current Projects<\/h3>\n<p>I am currently working on a book project,\u00a0<em>Friends in Need,<\/em> which explores Romania&#8217;s relationship with a number of countries in the Global South during the Cold War.<\/p>\n<p><strong>Podcast Host on New Books Network: https:\/\/newbooksnetwork.com\/search?+q=jill+Massino<\/strong><\/p>\n<h3><\/h3>\n<h3>Education<\/h3>\n<p>Ph.D. Indiana University, 2007<\/p>\n","protected":false},"excerpt":{"rendered":"<p>Select Publications \u201cEastern Promises: Romanian Responses to the War in Vietnam,\u201d The\u00a0World Beyond the West: Perspectives from Eastern Europe, ed., Magdalena Koz\u0142owska and Mariusz Kalczewiak (Berghahn Books, 2022): 221-242. \u00a0&#8220;Gender and the ambiguities of economic transition in Romania,&#8221; Routledge International Handbook to Gender in Central-Eastern Europe and Eurasia,\u00a0ed. Janet Johnson, Katalin Fabian, and Mara Lazda [&hellip;]<\/p>\n","protected":false},"author":419,"featured_media":0,"parent":0,"menu_order":0,"comment_status":"closed","ping_status":"open","template":"","meta":{"jetpack_post_was_ever_published":false,"footnotes":""},"class_list":["post-5","page","type-page","status-publish","hentry"],"jetpack_shortlink":"https:\/\/wp.me\/P3iFJQ-5","jetpack_sharing_enabled":true,"_links":{"self":[{"href":"https:\/\/pages.charlotte.edu\/jill-massino\/wp-json\/wp\/v2\/pages\/5","targetHints":{"allow":["GET"]}}],"collection":[{"href":"https:\/\/pages.charlotte.edu\/jill-massino\/wp-json\/wp\/v2\/pages"}],"about":[{"href":"https:\/\/pages.charlotte.edu\/jill-massino\/wp-json\/wp\/v2\/types\/page"}],"author":[{"embeddable":true,"href":"https:\/\/pages.charlotte.edu\/jill-massino\/wp-json\/wp\/v2\/users\/419"}],"replies":[{"embeddable":true,"href":"https:\/\/pages.charlotte.edu\/jill-massino\/wp-json\/wp\/v2\/comments?post=5"}],"version-history":[{"count":38,"href":"https:\/\/pages.charlotte.edu\/jill-massino\/wp-json\/wp\/v2\/pages\/5\/revisions"}],"predecessor-version":[{"id":94,"href":"https:\/\/pages.charlotte.edu\/jill-massino\/wp-json\/wp\/v2\/pages\/5\/revisions\/94"}],"wp:attachment":[{"href":"https:\/\/pages.charlotte.edu\/jill-massino\/wp-json\/wp\/v2\/media?parent=5"}],"curies":[{"name":"wp","href":"https:\/\/api.w.org\/{rel}","templated":true}]}}