
{"id":35,"date":"2015-03-10T20:42:12","date_gmt":"2015-03-10T20:42:12","guid":{"rendered":"http:\/\/pages.charlotte.edu\/patricia-fall\/?page_id=35"},"modified":"2024-01-25T21:43:37","modified_gmt":"2024-01-25T21:43:37","slug":"recent-publications","status":"publish","type":"page","link":"https:\/\/pages.charlotte.edu\/patricia-fall\/recent-publications\/","title":{"rendered":"Publications"},"content":{"rendered":"<p><strong>Book<\/strong><\/p>\n<p><strong>*<\/strong>Falconer, S.E. and <strong>P.L. Fall<\/strong> (2019). <em>Early Bronze IV Village Life in the Jordan Valley: Excavations at Tell Abu en-Ni\u2018aj and Dharet Umm el-Marar, Jordan. <\/em>British Archaeological Reports, International Series, 2922, BAR Publishing, Oxford. ISBN 978 4073 1692-5. <a href=\"https:\/\/www.barpublishing.com\/early-bronze-iv-village-life-in-the-jordan-valley.html\">https:\/\/www.barpublishing.com\/early-bronze-iv-village-life-in-the-jordan-valley.html<\/a><\/p>\n<p><strong>Publications 2010-2024 (*peer-reviewed)<\/strong><\/p>\n<p>*Strandberg, N. Steinbauer<sup>, <\/sup>M., Walentowitz<sup>, <\/sup>A., Gosling<sup>, <\/sup>W.D., <strong>Fall, P.L.,<\/strong> Prebble<sup>, <\/sup>M., Stevenson<sup>, <\/sup>J., Wilmshurst<sup>, <\/sup>J.M., Sear<sup>, <\/sup>D., Langdon<sup>, <\/sup>P., Edwards<sup>, <\/sup>M, Nogu\u00e9<sup>, <\/sup>S. 2024. Floristic homogenisation of South Pacific islands commenced with human arrival. <em>Nature Ecology &amp; Evolution<\/em>. <a href=\"https:\/\/doi.org\/10.1038\/s41559-023-02306-3\">https:\/\/doi.org\/10.1038\/s41559-023-02306-3<\/a><\/p>\n<p>*<strong>Fall, P.L<\/strong>., E. Ridder, S.E. Pilaar Birch, S.E. Falconer, 2023. Bayesian modeling of a peripheral Middle Bronze Age settlement at Zahrat adh-Dhra\u2018 1, Jordan. <em>Radiocarbon, <\/em>65(5):1022-1037. <a href=\"https:\/\/doi.org\/10.1017\/RDC.2023.99\">https:\/\/doi.org\/10.1017\/RDC.2023.99<\/a><\/p>\n<p>*Strandberg, N., Edwards, M., Ellison, J.C., Steinbauer, M.J., Walentowitz, A., <strong>Fall, P.L.,<\/strong> Sear, D., Langdon, P., Cronin, S., Castilla-Beltr\u00e1n, A., Croudace, I.W., Prebble, M., Gosling, W.D., Nogu\u00e9, S. (2023) Influences of sea level changes and volcanic eruptions on Holocene vegetation in Tonga. <em>Biotropica<\/em> 55:816-827. <a href=\"http:\/\/doi.org\/10.1111\/btp.13231\">http:\/\/doi.org\/10.1111\/btp.13231<\/a><\/p>\n<p>Ridder, E. <strong>P.L. Fall<\/strong>, S.E. Falconer (2023). Photogrammetric and GIS-based Modeling of Rapid Sediment Erosion and Deposition on the Taskscape of Bronze Age Politiko-<em>Troullia<\/em>, Cyprus. In: Ben-Yosef, E., Jones, I.W.N. (eds) <em>\u201cAnd in Length of Days Understanding\u201d (Job 12:12): Essays on Archaeology in the Eastern Mediterranean and Beyond in Honor of Thomas E. Levy<\/em>, pp. 1603-1624. Interdisciplinary Contributions to Archaeology, Springer, Nature, Cham. <a href=\"https:\/\/doi.org\/10.1007\/978-3-031-27330-8_68\">https:\/\/doi.org\/10.1007\/978-3-031-27330-8_68<\/a><\/p>\n<p>*Falconer, S.E., Ridder, E., Pilaar Birch, S.E., <strong>Fall, P.L.<\/strong> (2023). Prehistoric Bronze Age Radiocarbon Chronology at Politiko-<em>Troullia<\/em>, Cyprus. <em>Radiocarbon, <\/em>65: 97-119. <a href=\"https:\/\/doi.org\/10.1017\/RDC.2022.99\">https:\/\/doi.org\/10.1017\/RDC.2022.99<\/a><\/p>\n<p>*Pilaar Birch, SE, Metzger, MC, Ridder, E, Porson, S., Falconer, SE, <strong>Fall, PL<\/strong> (2022). Herd management and subsistence practices as inferred from isotopic analysis of animals and plants at Bronze Age Politiko-<em>Troullia<\/em>, Cyprus. <em>PLOS One<\/em>, October 26, 2022. <a href=\"https:\/\/doi.org\/10.1371\/journal.pone.0275757\">https:\/\/doi.org\/10.1371\/journal.pone.0275757<\/a><\/p>\n<p>*Falconer, S.E. and <strong>P.L. Fall<\/strong> (2022). Sacred Spaces and Liminal Behavior in Levantine Temples <em>In Antis<\/em>. <em>Journal of Ancient Near Eastern History<\/em>. <a href=\"https:\/\/doi.org\/10.1515\/janeh-2021-0013\">https:\/\/doi.org\/10.1515\/janeh-2021-0013<\/a><\/p>\n<p>*<strong>Fall,<\/strong> <strong>P.L.<\/strong>, S. Richard, S.E. Pilaar Birch, <u>E. Ridder<\/u>, M. D&#8217;Andrea, J.C., Long, Jr., <u>G. Hedges-Knyrim, S. Porson<\/u>, M. Metzger, S.E. Falconer (2022) New AMS chronology for the Early Bronze III\/IV Transition at Khirbat Iskandar, Jordan. <em>Radiocarbon<\/em> 64(2): 237-252. <a href=\"https:\/\/www.doi.org\/10.1017\/RDC.2022.22\">https:\/\/www.doi.org\/10.1017\/RDC.2022.22<\/a><\/p>\n<p>*Metzger, M.C., E. Ridder, S.E. Pillar Birch, S.E. Falconer, <strong>P.L. Fall<\/strong>, (2021). Households, feasting, and community at a Middle Bronze village on Cyprus. In: <em>Archaeozoology of Southwest Asia and Adjacent Areas XIII<\/em>. Julie Daujat, Angelos Hadjikoumis, R\u00e9mi Berthon, Jwana Chahoud,\u00a0Vasiliki Kassianidou, and Jean-Denis Vigne, eds., pp. 113-127. <em>Archaeobiology 3. Atlanta: Lockwood Press. <\/em><a href=\"http:\/\/dx.doi.org\/10.5913\/aswaxiii.0130107\"><em>http:\/\/dx.doi.org\/10.5913\/aswaxiii.0130107<\/em><\/a><\/p>\n<p>*Falconer, S.E. and <strong>P.L Fall <\/strong>(2021). Early Bronze IV settlement, chronology and society along the Jordan Rift. In: <em>Essays on Transitions, Urbanism, and Collapse in Honor of Suzanne Richard. <\/em>Long, J. Jr. and W.G. Dever, eds.<strong><em>, <\/em><\/strong>pp. 203-216. London: Equinox.<\/p>\n<p>*Porson, S., S.E. Falconer, S. Pilaar Birch, E. Ridder, <strong>P.L. Fall<\/strong> (2021). Crop management and agricultural responses at Early Bronze IV Tell Abu en-Ni\u2018aj, Jordan. <em>\u00a0Journal of Archaeological Science <\/em>133 (2021) 105435. <a href=\"https:\/\/doi.org\/10.1016\/j.jas.2021.105435\">https:\/\/doi.org\/10.1016\/j.jas.2021.105435<\/a><\/p>\n<p>*<strong>Fall, P.L.<\/strong>, P.J. van Hengstum, L. Lavold-Foote, J. Donnelly, N.A. Albury, Tamalavage, A.E. (2021) Human Arrival and Landscape Dynamics in the Northern Bahamas. <em>Proceedings of the United States National Academy of Sciences. <\/em><a href=\"https:\/\/doi.org\/10.1073\/pnas.2015764118\">https:\/\/doi.org\/10.1073\/pnas.2015764118<\/a><\/p>\n<p>*<strong>Fall, P.L.<\/strong>, Falconer, S.E., H\u00f6flmayer, F. (2020) New Bayesian radiocarbon models for Early Bronze IV Tell Abu en-Ni\u2018aj and Middle Bronze Age Tell el-Hayyat, Jordan. <em>Radiocarbon<\/em> 63(1): 41-76. <a href=\"https:\/\/doi.org\/10.1017\/RDC.2020.104\">https:\/\/doi.org\/10.1017\/RDC.2020.104<\/a><\/p>\n<p>*Tamalavage, A.E., P.J. van Hengstum, P. Louchouarn, <strong>P.L. Fall<\/strong>, J. Donnelly, N.A. Albury, S. Coats, S.J. Feakins (2020). Plant wax evidence for precipitation and vegetation change from a coastal sinkhole lake in the Bahamas spanning the last 3,000 years. <em>Organic Geochemistry<\/em>, 150, 104120. <a href=\"https:\/\/doi.org\/10.1016\/j.orggeochem.2020.104120\">https:\/\/doi.org\/10.1016\/j.orggeochem.2020.104120<\/a><\/p>\n<p>*Davis, B.A.S., Manuel Chevalier, Philipp Sommer, &#8230; <strong>Patricia L. Fall<\/strong>, &#8230; (102 authors) (2020). The European Modern Pollen Database (EMPD), Version 2. <em>Earth System Science Data ESSD (Copernicus EGU Journal)<\/em>, <a href=\"https:\/\/doi.org\/10.5194\/essd-2020-14\">https:\/\/doi.org\/10.5194\/essd-2020-14<\/a><\/p>\n<p>*<strong>Fall, P.L.<\/strong> and T.D. Drezner (2020) Vascular plant species of the Kingdom of Tonga by vegetation type, species origin, growth form and dispersal mechanism. <em>Ecology<\/em>, 101(1), 2020, e02902, first published online August 2019 <a href=\"https:\/\/DOI:10.1002\/ecy.2902\">https:\/\/DOI:10.1002\/ecy.2902<\/a><\/p>\n<p>*<strong>Fall, P.L.,<\/strong> Falconer, S.E. &amp; S. Porson (2019). Archaeobotanical Inference of Intermittent Settlement and Agriculture at Middle Bronze Age Zahrat adh-Dhra\u2018 1, Jordan. <em>Journal of Archaeological Science: Reports<\/em> 26. <a href=\"https:\/\/doi.org\/10.1016\/j.jasrep.2019.101884\">https:\/\/doi.org\/10.1016\/j.jasrep.2019.101884<\/a><\/p>\n<p>*Tamalavage, A.E., P.J. van Hengstum, P. Louchouarn, S. Molodtsov, K. Kaiser, J.P. Donnelly, N.A. Albury, <strong>P.L. Fall<\/strong> (2018). Organic matter sources and lateral sedimentation in a Bahamian karst basin (sinkhole) over the late Holocene: influence of local vegetation and climate. <em>Palaeogeography, Palaeoclimatology &amp; Palaeoecology<\/em> 506:70-83<em>. <\/em><a href=\"https:\/\/doi.org\/10.1016\/j.palaeo.2018.06.014\"><em>https:\/\/doi.org\/10.1016\/j.palaeo.2018.06.014<\/em><\/a><\/p>\n<p><strong>*P.L. Fall<\/strong>, M. Soto-Berelov, E. Ridder and S.E. Falconer (2018) Toward a grand narrative of Bronze Age vegetation change and social dynamics in the southern Levant. In <em>Cyber-Archaeology and Grand Narratives: Digital Technology and Deep-Time Perspectives on Culture Change in the Middle East<\/em>, T. Levy and I. Jones, editors, pp 91-110. One World Archaeology Series, Springer Nature, Cham. Published online November 27, 2017. <a href=\"https:\/\/doi.org\/10.1007\/978-3-319-65693-9_6\">https:\/\/doi.org\/10.1007\/978-3-319-65693-9_6<\/a><\/p>\n<p>*Falconer, S.E. and <strong>P.L. Fall<\/strong> (2017). Radiocarbon evidence from Tell Abu en-Ni\u2018aj and Tell el-Hayyat, Jordan and its implications for Bronze Age Levantine and Egyptian chronologies. <em>Journal of Ancient Egyptian Interconnections<\/em> 13: 7-19.<\/p>\n<p>*Ridder, E., Galletti, C.S., <strong>Fall, P.L.<\/strong>, Falconer, S.E. (2017) Economic and social activities on ancient Cypriot terraced landscapes. <em>Journal of Environmental Management<\/em> 202(3): 514-523. <a href=\"http:\/\/dx.doi.org\/10.1016\/j.jenvman.2016.12.037\">http:\/\/dx.doi.org\/10.1016\/j.jenvman.2016.12.037<\/a><\/p>\n<p>*Falconer, S.E. and <strong>P.L. Fall<\/strong> (2016) A radiocarbon sequence from Tell Abu en-Ni\u2018aj, Jordan and its implication for Early Bronze IV chronology in the Southern Levant. <em>Radiocarbon<\/em>. http:\/\/dx.doi.org\/10.1017\/RDC.2016.26 <span style=\"text-decoration: underline\"><span style=\"color: #ff0000\"><a style=\"color: #ff0000;text-decoration: underline\" href=\"https:\/\/pages.charlotte.edu\/patricia-fall\/wp-content\/uploads\/sites\/697\/2015\/03\/FalconerFall2016Radiocarbon.pdf\">pdf<\/a><\/span><\/span><\/p>\n<p>*van Hengstum, P.J., Donnelly, J.P., <strong>Fall, P.L.,<\/strong> Toomey, M.R., Albury, N.A., Kakuk, B. (2016). The intertropical convergence zone modulates intense hurricane strikes on the western North Atlantic margin. <em>Scientific Reports <\/em>6:21728. DOI: 10.1038\/srep21728 <span style=\"text-decoration: underline\"><span style=\"color: #ff0000\"><a style=\"color: #ff0000;text-decoration: underline\" href=\"https:\/\/pages.charlotte.edu\/patricia-fall\/wp-content\/uploads\/sites\/697\/2015\/03\/VanHengstum-et-al-2016-srep217281.pdf\">pdf<\/a><\/span><\/span><\/p>\n<p><strong>*P.L. Fall,<\/strong> Klinge, J.M. and S.E. Falconer (2015) Bronze Age vegetation and fuel use in the eastern Mediterranean. <em>Journal of Archaeological Science Reports<\/em>. <span style=\"text-decoration: underline\"><span style=\"color: #ff0000\"><a style=\"color: #ff0000;text-decoration: underline\" href=\"https:\/\/pages.charlotte.edu\/patricia-fall\/wp-content\/uploads\/sites\/697\/2015\/03\/FallFalconerKlingeJASREP2015.pdf\">pdf<\/a><\/span><\/span><\/p>\n<p>*Soto-Berelov, M., <strong>P.L. Fall<\/strong>, S.E. Falconer and E. Ridder (2015) Modeling Vegetation Dynamics in the Southern Levant through the Bronze Age. <em>Journal of Archaeological Science<\/em>, 53: 94-109. <a href=\"http:\/\/dx.doi.org\/10.1016\/j.jas.2014.09.015\">http:\/\/dx.doi.org\/10.1016\/j.jas.2014.09.015<\/a>. <span style=\"text-decoration: underline\"><span style=\"color: #ff0000\"><a style=\"color: #ff0000;text-decoration: underline\" href=\"https:\/\/pages.charlotte.edu\/patricia-fall\/wp-content\/uploads\/sites\/697\/2015\/03\/Soto-BerelovFallFalconerRidderJAS2015.pdf\" target=\"_blank\" rel=\"noopener noreferrer\">pdf<\/a><\/span><\/span><\/p>\n<p>*Falconer, S.E. and P.L. Fall (2014). The meaning of space and place in Middle Cypriot communities, in <em>Structure, Measurement and Meaning. Studies on Prehistoric Cyprus in Honour of David Frankel<\/em> (edited by J.M. Webb) volume 143) Studies in Mediterranean Archaeology, volume 143: 175-184. <span style=\"text-decoration: underline\"><span style=\"color: #ff0000\"><a style=\"color: #ff0000;text-decoration: underline\" href=\"https:\/\/pages.charlotte.edu\/patricia-fall\/wp-content\/uploads\/sites\/697\/2015\/03\/Falconer-and-Fall-2014-Frankel-festschrift.pdf\">pdf<\/a><\/span><\/span><\/p>\n<p>*Falconer, S.E., E.M. Monahan and <strong>P.L. Fall<\/strong> (2014) A stone plank figure from Politiko-<em>Troullia<\/em> Cyprus: Potential implications for inferring Bronze Age communal behavior. <em>Bulletin of the Schools of Oriental Research<\/em> 371: 3-16. <span style=\"text-decoration: underline;color: #ff0000\"><a style=\"color: #ff0000;text-decoration: underline\" href=\"https:\/\/pages.charlotte.edu\/patricia-fall\/wp-content\/uploads\/sites\/697\/2015\/03\/Falconer-Monahan-Fall-BASOR-2014.pdf\">pdf<\/a><\/span><\/p>\n<p>*<strong>Fall, P.L.<\/strong> and T.D. Drezner (2013) Island biogeography, vegetation diversity and plant dispersal in the south Pacific. <em>Annals of the Association of American Geographers<\/em> 103: 1041-1057. <a href=\"http:\/\/dx.doi.org\/10.1080\/00045608.2013.805084\">http:\/\/dx.doi.org\/10.1080\/00045608.2013.805084<\/a>. <span style=\"text-decoration: underline;color: #ff0000\"><a style=\"color: #ff0000;text-decoration: underline\" href=\"https:\/\/pages.charlotte.edu\/patricia-fall\/wp-content\/uploads\/sites\/697\/2015\/03\/FallDrezner2013-1.pdf\">pdf<\/a><\/span><\/p>\n<p>*Falconer, S.E. and <strong>P.L. Fall<\/strong> (2013) Spatial patterns, households, and community behavior at Bronze Age Politiko-<em>Troullia<\/em>, Cyprus. <em>Journal of Field Archaeology <\/em>38(2): 101-119. <a href=\"http:\/\/dx.doi.org\/10.1179\/0093469013Z.00000000041\">http:\/\/dx.doi.org\/10.1179\/0093469013Z.00000000041<\/a>. <span style=\"text-decoration: underline\"><span style=\"color: #ff0000\"><a style=\"color: #ff0000;text-decoration: underline\" href=\"https:\/\/pages.charlotte.edu\/patricia-fall\/wp-content\/uploads\/sites\/697\/2015\/03\/Falconer-Fall-2013-JFA-1.pdf\">pdf<\/a><\/span><\/span><\/p>\n<p>*Falconer, S.E.\u00a0and <strong>P.L. Fall<\/strong> (2013) Agricultural economies and pyro-technologies in Bronze Age Jordan and Cyprus, in\u00a0<em>Archaeological Studies in Environment and Technology: Intersections and Transformations<\/em>, edited by D. Frankel, J. Webb and S. Lawrence. New York: Routledge, pp. 123-134. <span style=\"text-decoration: underline\"><span style=\"color: #ff0000\"><a style=\"color: #ff0000;text-decoration: underline\" href=\"https:\/\/pages.charlotte.edu\/patricia-fall\/wp-content\/uploads\/sites\/697\/2015\/03\/Falconer-Fall-2013-Archaeology-in-Environment-and-Technology.pdf\">pdf<\/a><\/span><\/span><\/p>\n<p>*Galletti, C. S., E. Ridder, S.E. Falconer and <strong>P.L. Fall<\/strong> (2013) Maxent modeling of ancient and modern agricultural terraces in the Troodos foothills, Cyprus. <em>Applied Geography<\/em> 39: 46-56. <a href=\"http:\/\/dx.doi.org\/10.1016\/j.apgeog.2012.11.020\">http:\/\/dx.doi.org\/10.1016\/j.apgeog.2012.11.020<\/a>. <span style=\"text-decoration: underline\"><span style=\"color: #ff0000\"><a style=\"color: #ff0000;text-decoration: underline\" href=\"https:\/\/pages.charlotte.edu\/patricia-fall\/wp-content\/uploads\/sites\/697\/2015\/03\/Galletti-et-al-2013-Applied-Geography.pdf\">pdf<\/a><\/span><\/span><\/p>\n<p>*Davis, B.A.S., M. Zanon, P. Collins, A. Mauri, J. Bakker, D. Barboni, A. Barthelmes, C. Beaudouin, H.J.B. Birks, A. E. Bjune, E. Bozilova, R.H.W. Bradshaw, B. Brayshay, S. Brewer, E. Brugiapaglia, J. Bunting, S. Connor, J.-L. de Beaulieu, K. Edwards, A. Ejarque, <strong>P. Fall<\/strong>, A. Florenzano, R. Fyfe, D. Galop, M. Giardini, T. Giesecke, M. J. Grant, J. Guiot, S. Jahns, V. Jankovsk\u00e1, S. Juggin, M. Kahrmann, M. Karpinska-Kolaczek, P. Kolaczek, N. K\u00fchl, Petr Kune\u0161, E. G. Lapteva, S. Leroy, M. Leydet, J. A. Lopez Saez, A. Masi, I. Matthias, F. Mazier, V. Meltsov, A. M. Mercuri, Y. Miras, F. Mitchell, M. Molinari, J. L. Morris, F. Naughton, A. B. Nielsen, E. Novenko, B. Odgaard, E. Ortu, M. Overballe-Petersen, H. Pardoe, S. M. Peglar, B. Pelankov\u00e1, I. Pidek, L. Sadori, H. Sepp\u00e4, E. Severova, H. Shaw, J. Swieta-Musznicka, M. Theuerkauf, S. Tonkov, S. Veski, P. (W.O.) van der Knaap, J. van Leeuwen, M. Vermoere, J. Woodbridge, M. Zimny, J. O. Kaplan. The European Modern Pollen Database (EMPD) project. (2013) <em>Vegetation History and Archaeobotany<\/em> 22(6):521-530. <a href=\"http:\/\/dx.doi.org\/10.1007\/s0034-012-0388-5\">http:\/\/dx.doi.org\/10.1007\/s0034-012-0388-5<\/a>.<\/p>\n<p>Falconer, S.E., <strong>P.L. Fall<\/strong>, M. Soto-Berelov (2013) A Comparison of Vegetation and Settlement Models for the Jordan Rift in the Third and Second Millennia BC: Paleoenvironmental and archaeological settlement dynamics along the Jordan Rift, in <em>Studies in the History and Archaeology of Jordan, <\/em>volume 11. Amman: Department of Antiquities, Hashemite Kingdom of Jordan, pp. 745-755.<\/p>\n<p>Falconer, S.E. and <strong>P.L. Fall<\/strong> (2013) Excavations at Politiko-<em>Troullia<\/em>, 2013. <em>From the Trenches of Cyprus<\/em>, Cyprus-American Archaeological Institute Newsletter 45: 6.<\/p>\n<p><strong>*<\/strong>Soto-Berelov, M., <strong>Fall, P.L.<\/strong>, Falconer, S.E. (2012)\u00a0A revised map of plant geographical regions of the Southern Levant. <em>Proceedings of the Geospatial Science Research Symposium GSR2, December 2012, Melbourne<\/em>. ISBN: 978-0-9872527-1-5.<\/p>\n<p><strong>*Fall, P.L. <\/strong>(2012) Modern vegetation, pollen and climate on the Mediterranean island of Cyprus. <em>Review of Palaeobotany and Palynology<\/em> 185: 79-92. <a href=\"http:\/\/dx.doi.org\/10.1016\/j.revpalbo.2012.08.002\">http:\/\/dx.doi.org\/10.1016\/j.revpalbo.2012.08.002<\/a>. <span style=\"text-decoration: underline\"><span style=\"color: #ff0000\"><a style=\"color: #ff0000;text-decoration: underline\" href=\"https:\/\/pages.charlotte.edu\/patricia-fall\/wp-content\/uploads\/sites\/697\/2015\/03\/Fall-2012-RevPalaeobPaly.pdf\">pdf<\/a><\/span><\/span><\/p>\n<p>*<strong>Fall, P.L., <\/strong>S.E. Falconer, C.S. Galletti, T. Shirmang, E. Ridder, J. Klinge (2012) Long-term agrarian landscapes in the Troodos Foothills, Cyprus. <em>Journal of Archaeological Science<\/em> 39: 2335-2347. <a href=\"http:\/\/dx.doi.org\/10.1016\/j.jas.2012.02.010\">http:\/\/dx.doi.org\/10.1016\/j.jas.2012.02.010<\/a>. <span style=\"text-decoration: underline\"><span style=\"color: #ff0000\"><a style=\"color: #ff0000;text-decoration: underline\" href=\"https:\/\/pages.charlotte.edu\/patricia-fall\/wp-content\/uploads\/sites\/697\/2015\/03\/Fall-et-al-2012-JAS.pdf\">pdf<\/a><\/span><\/span><\/p>\n<p>Jones, J.E., S.E. Falconer, <strong>P.L. Fall<\/strong> and M. Metzger (2012) Excavations at Early Bronze IV Dhahrat Umm al-Marar in the Jordan Valley. <em>Annual of the Department of Antiquities, Jordan<\/em> 56: 381-402. <span style=\"text-decoration: underline\"><span style=\"color: #ff0000\"><a style=\"color: #ff0000;text-decoration: underline\" href=\"https:\/\/pages.charlotte.edu\/patricia-fall\/wp-content\/uploads\/sites\/697\/2015\/03\/Jones-et-al-2012-ADAJ.pdf\">pdf<\/a><\/span><\/span><\/p>\n<p>Falconer, S.E., <strong>P.L. Fall<\/strong>, J. Hunt and M.C. Metzger (2012) Agrarian Settlement at Politiko-<em>Troullia<\/em>. <em>Report of the Department of Antiquities, Cyprus<\/em>, 2010: 183-198. <span style=\"text-decoration: underline\"><span style=\"color: #ff0000\"><a style=\"color: #ff0000;text-decoration: underline\" href=\"https:\/\/pages.charlotte.edu\/patricia-fall\/wp-content\/uploads\/sites\/697\/2015\/03\/Falconer-et-al-2012-RDAC.pdf\">pdf<\/a><\/span><\/span><\/p>\n<p>*<strong>Fall, P.L.<\/strong> and T.D. Drezner (2011) Plant Dispersal, Introduced Species and Vegetation Change in the South Pacific Kingdom of Tonga. <em>Pacific Science<\/em> 65(2): 143-156. <a href=\"http:\/\/dx.doi.org\/10.2984\/65.2.143\">http:\/\/dx.doi.org\/10.2984\/65.2.143<\/a>. <span style=\"text-decoration: underline\"><span style=\"color: #ff0000\"><a style=\"color: #ff0000;text-decoration: underline\" href=\"https:\/\/pages.charlotte.edu\/patricia-fall\/wp-content\/uploads\/sites\/697\/2015\/03\/03-65.2_FallDrezner2011-143-156.pdf\">pdf<\/a><\/span><\/span><\/p>\n<p>*<strong>Fall, P.L. <\/strong>(2010) Pollen evidence for plant introductions in a Polynesian tropical island ecosystem, Kingdom of Tonga. In S. G. Haberle, J. Stevenson &amp; M. Prebble (eds), <em>Altered Ecologies: Fire, Climate and Human Influence on Terrestrial Landscapes,\u00a0Terra Australis<\/em> 32:253-271. ANU E-Press, Canberra, The Australian National University. (<a href=\"http:\/\/epress.anu.edu.au\/ta32_citation.html\">http:\/\/epress.anu.edu.au\/ta32_citation.html<\/a>). <span style=\"text-decoration: underline\"><span style=\"color: #ff0000\"><a style=\"color: #ff0000;text-decoration: underline\" href=\"https:\/\/pages.charlotte.edu\/patricia-fall\/wp-content\/uploads\/sites\/697\/2015\/03\/Fall-2010-ch14-3.pdf\">pdf<\/a><\/span><\/span><\/p>\n<p>*Sherman, J.A. and <strong>P.L. Fall<\/strong> (2010) Observations on feeding frequencies among native and exotic birds and fruit bats at <em>Erythina variegata<\/em> and <em>Dysoxylum<\/em> trees in American Samoa. In S. G. Haberle, J. Stevenson &amp; M. Prebble (eds), <em>Altered Ecologies: Fire, Climate and Human Influence on Terrestrial Landscapes,\u00a0Terra Australis<\/em> 32:101-116. ANU E-Press, Canberra, The Australian National University (<a href=\"http:\/\/epress.anu.edu.au\/ta32_citation.html\">http:\/\/epress.anu.edu.au\/ta32_citation.html<\/a>). <span style=\"text-decoration: underline\"><span style=\"color: #ff0000\"><a style=\"color: #ff0000;text-decoration: underline\" href=\"https:\/\/pages.charlotte.edu\/patricia-fall\/wp-content\/uploads\/sites\/697\/2015\/03\/Sherman-Fall-2010ch07-2.pdf\">pdf<\/a><\/span><\/span><\/p>\n<p>*Klinge, J. and <strong>P.L. Fall<\/strong> (2010) A paleoethnobotanical analysis of Bronze Age land use and land cover in the eastern Mediterranean. <em>Journal of Archaeological Science<\/em> 37: 2622-2629. <a href=\"http:\/\/dx.doi.org\/10.1016\/j.jas.2010.05.022\">http:\/\/dx.doi.org\/10.1016\/j.jas.2010.05.022<\/a>. <span style=\"text-decoration: underline\"><span style=\"color: #ff0000\"><a style=\"color: #ff0000;text-decoration: underline\" href=\"https:\/\/pages.charlotte.edu\/patricia-fall\/wp-content\/uploads\/sites\/697\/2015\/03\/Klinge-Fall-2010-JAS.pdf\">pdf<\/a><\/span><\/span><\/p>\n","protected":false},"excerpt":{"rendered":"<p>Book *Falconer, S.E. and P.L. Fall (2019). Early Bronze IV Village Life in the Jordan Valley: Excavations at Tell Abu en-Ni\u2018aj and Dharet Umm el-Marar, Jordan. British Archaeological Reports, International Series, 2922, BAR Publishing, Oxford. ISBN 978 4073 1692-5. https:\/\/www.barpublishing.com\/early-bronze-iv-village-life-in-the-jordan-valley.html Publications 2010-2024 (*peer-reviewed) *Strandberg, N. Steinbauer, M., Walentowitz, A., Gosling, W.D., Fall, P.L., Prebble, M., [&hellip;]<\/p>\n","protected":false},"author":1055,"featured_media":0,"parent":0,"menu_order":0,"comment_status":"closed","ping_status":"open","template":"","meta":{"footnotes":""},"coauthors":[3],"class_list":["post-35","page","type-page","status-publish","hentry"],"_links":{"self":[{"href":"https:\/\/pages.charlotte.edu\/patricia-fall\/wp-json\/wp\/v2\/pages\/35","targetHints":{"allow":["GET"]}}],"collection":[{"href":"https:\/\/pages.charlotte.edu\/patricia-fall\/wp-json\/wp\/v2\/pages"}],"about":[{"href":"https:\/\/pages.charlotte.edu\/patricia-fall\/wp-json\/wp\/v2\/types\/page"}],"author":[{"embeddable":true,"href":"https:\/\/pages.charlotte.edu\/patricia-fall\/wp-json\/wp\/v2\/users\/1055"}],"replies":[{"embeddable":true,"href":"https:\/\/pages.charlotte.edu\/patricia-fall\/wp-json\/wp\/v2\/comments?post=35"}],"version-history":[{"count":31,"href":"https:\/\/pages.charlotte.edu\/patricia-fall\/wp-json\/wp\/v2\/pages\/35\/revisions"}],"predecessor-version":[{"id":130,"href":"https:\/\/pages.charlotte.edu\/patricia-fall\/wp-json\/wp\/v2\/pages\/35\/revisions\/130"}],"wp:attachment":[{"href":"https:\/\/pages.charlotte.edu\/patricia-fall\/wp-json\/wp\/v2\/media?parent=35"}],"wp:term":[{"taxonomy":"author","embeddable":true,"href":"https:\/\/pages.charlotte.edu\/patricia-fall\/wp-json\/wp\/v2\/coauthors?post=35"}],"curies":[{"name":"wp","href":"https:\/\/api.w.org\/{rel}","templated":true}]}}