
{"id":23,"date":"2013-03-08T21:19:05","date_gmt":"2013-03-08T21:19:05","guid":{"rendered":"http:\/\/pages.charlotte.edu\/sandra-watts\/?page_id=23"},"modified":"2013-04-09T17:53:09","modified_gmt":"2013-04-09T17:53:09","slug":"publications","status":"publish","type":"page","link":"https:\/\/pages.charlotte.edu\/sandra-watts\/publications\/","title":{"rendered":"Publications"},"content":{"rendered":"<p><strong>Articles<\/strong><\/p>\n<ul>\n<li>Trans. of \u201cFragmented Identities: The Narrative World of Espido Freire\u201d by Montserrat Linares Farra. <em>In Reflecting the Self. Women in Spanish Literature at the Turn of the Millennium, 1990-2005<\/em>. Ed. Kyra A. Kietrys and Montserrat Linares Farra.\u00a0 Jefferson, N.C.: McFarland, 2009.<\/li>\n<li>Review of <em>Mujer, modernismo y vanguardia en Espa\u00f1a (1898-1931),<\/em> by Susan Kirkpatrick. <em>Letras peninsulares<\/em>.\u00a0 Fall\/Winter 2003\/2004:\u00a0 909-911.<\/li>\n<li>Contributor, <em>Fuentes.\u00a0 Special Edition for the University of Michigan<\/em>. Ed. Kimberly Boys. Geneva, Illinois:\u00a0 Houghton Mifflin, 2000.<\/li>\n<li>Contributor, <em>Complementary Class Activities<\/em>, Wall Street Espa\u00f1a, S.A., 1995.<\/li>\n<\/ul>\n<p><strong>Conference Papers<\/strong><\/p>\n<ul>\n<li>\u201cLearning Language Through Culture.\u201d\u00a0 Foreign Language Association of North Carolina Annual Conference.\u00a0\u00a0\u00a0 Winston-Salem, NC.\u00a0 October 2011.<\/li>\n<li>&#8220;Incorporating Culture in the Foreign Language Classroom.&#8221;\u00a0 AATF-AATSP Spring Conference. Concord, N.C.\u00a0 March 2011.<\/li>\n<li>\u201cWhat Lies Between: Juan Jose Mill\u00e1s&#8217; Laura y Julio.\u201d\u00a0 Carolina Conference on Romance Literatures. The University of North Carolina at Chapel Hill, North Carolina. March 2010.<\/li>\n<li>\u201cGetting It Together:\u00a0 Using Google Groups for Training and Collaboration.\u201d\u00a0 2009 UNC Teaching and Learning with Technology Conference.\u00a0 March 2009.<\/li>\n<li>\u201cPoes\u00eda y po\u00e9tica en la obra de Benjam\u00edn Jarn\u00e9s.\u201d Conference on Spanish and Hispanic American Poetry, University of Virginia.\u00a0 November 2007.<\/li>\n<li>\u201cNew Tricks for Old Hands: Integrating Technology Among Adjunct Instructors.\u201d\u00a0 University of North Carolina Teaching and Learning with Technology Conference, North Carolina.\u00a0 March 2007.<\/li>\n<\/ul>\n","protected":false},"excerpt":{"rendered":"<p>Articles Trans. of \u201cFragmented Identities: The Narrative World of Espido Freire\u201d by Montserrat Linares Farra. In Reflecting the Self. Women in Spanish Literature at the Turn of the Millennium, 1990-2005. Ed. Kyra A. Kietrys and Montserrat Linares Farra.\u00a0 Jefferson, N.C.: McFarland, 2009. Review of Mujer, modernismo y vanguardia en Espa\u00f1a (1898-1931), by Susan Kirkpatrick. Letras [&hellip;]<\/p>\n","protected":false},"author":172,"featured_media":0,"parent":0,"menu_order":0,"comment_status":"closed","ping_status":"open","template":"","meta":{"footnotes":""},"class_list":["post-23","page","type-page","status-publish","hentry"],"jetpack_sharing_enabled":true,"_links":{"self":[{"href":"https:\/\/pages.charlotte.edu\/sandra-watts\/wp-json\/wp\/v2\/pages\/23","targetHints":{"allow":["GET"]}}],"collection":[{"href":"https:\/\/pages.charlotte.edu\/sandra-watts\/wp-json\/wp\/v2\/pages"}],"about":[{"href":"https:\/\/pages.charlotte.edu\/sandra-watts\/wp-json\/wp\/v2\/types\/page"}],"author":[{"embeddable":true,"href":"https:\/\/pages.charlotte.edu\/sandra-watts\/wp-json\/wp\/v2\/users\/172"}],"replies":[{"embeddable":true,"href":"https:\/\/pages.charlotte.edu\/sandra-watts\/wp-json\/wp\/v2\/comments?post=23"}],"version-history":[{"count":3,"href":"https:\/\/pages.charlotte.edu\/sandra-watts\/wp-json\/wp\/v2\/pages\/23\/revisions"}],"predecessor-version":[{"id":27,"href":"https:\/\/pages.charlotte.edu\/sandra-watts\/wp-json\/wp\/v2\/pages\/23\/revisions\/27"}],"wp:attachment":[{"href":"https:\/\/pages.charlotte.edu\/sandra-watts\/wp-json\/wp\/v2\/media?parent=23"}],"curies":[{"name":"wp","href":"https:\/\/api.w.org\/{rel}","templated":true}]}}